{"id":232,"date":"2026-01-06T12:52:20","date_gmt":"2026-01-06T09:52:20","guid":{"rendered":"https:\/\/chocoport.com.tr\/?page_id=232"},"modified":"2026-01-06T13:30:07","modified_gmt":"2026-01-06T10:30:07","slug":"hakkimizda","status":"publish","type":"page","link":"https:\/\/chocoport.com.tr\/index.php\/hakkimizda\/","title":{"rendered":"Hakk\u0131m\u0131zda"},"content":{"rendered":"\t\t<div data-elementor-type=\"wp-page\" data-elementor-id=\"232\" class=\"elementor elementor-232\">\n\t\t\t\t<div class=\"elementor-element elementor-element-5d8ffd1 e-con-full e-flex e-con e-parent\" data-id=\"5d8ffd1\" data-element_type=\"container\">\n\t\t\t\t<div class=\"elementor-element elementor-element-695662b elementor-widget-divider--view-line elementor-widget elementor-widget-divider\" data-id=\"695662b\" data-element_type=\"widget\" data-widget_type=\"divider.default\">\n\t\t\t\t\t\t\t<div class=\"elementor-divider\">\n\t\t\t<span class=\"elementor-divider-separator\">\n\t\t\t\t\t\t<\/span>\n\t\t<\/div>\n\t\t\t\t\t\t<\/div>\n\t\t\t\t<\/div>\n\t\t<div class=\"elementor-element elementor-element-589c9c0 e-flex e-con-boxed e-con e-parent\" data-id=\"589c9c0\" data-element_type=\"container\">\n\t\t\t\t\t<div class=\"e-con-inner\">\n\t\t<div class=\"elementor-element elementor-element-97d8f4b e-con-full e-flex e-con e-child\" data-id=\"97d8f4b\" data-element_type=\"container\">\n\t\t\t\t<div class=\"elementor-element elementor-element-9f1b600 elementor-widget elementor-widget-image\" data-id=\"9f1b600\" data-element_type=\"widget\" data-widget_type=\"image.default\">\n\t\t\t\t\t\t\t\t\t\t\t\t\t\t\t<img fetchpriority=\"high\" decoding=\"async\" width=\"600\" height=\"800\" src=\"https:\/\/chocoport.com.tr\/wp-content\/uploads\/2026\/01\/Foto-2-min_600x800.jpg\" class=\"attachment-large size-large wp-image-213\" alt=\"\" srcset=\"https:\/\/chocoport.com.tr\/wp-content\/uploads\/2026\/01\/Foto-2-min_600x800.jpg 600w, https:\/\/chocoport.com.tr\/wp-content\/uploads\/2026\/01\/Foto-2-min_600x800-225x300.jpg 225w\" sizes=\"(max-width: 600px) 100vw, 600px\" \/>\t\t\t\t\t\t\t\t\t\t\t\t\t\t\t<\/div>\n\t\t\t\t<\/div>\n\t\t<div class=\"elementor-element elementor-element-f3a7467 e-con-full e-flex e-con e-child\" data-id=\"f3a7467\" data-element_type=\"container\">\n\t\t\t\t<div class=\"elementor-element elementor-element-73446a8 elementor-widget elementor-widget-image\" data-id=\"73446a8\" data-element_type=\"widget\" data-widget_type=\"image.default\">\n\t\t\t\t\t\t\t\t\t\t\t\t\t\t\t<img decoding=\"async\" width=\"600\" height=\"800\" src=\"https:\/\/chocoport.com.tr\/wp-content\/uploads\/2026\/01\/Foto-5-min_600x800-1.jpg\" class=\"attachment-large size-large wp-image-214\" alt=\"\" srcset=\"https:\/\/chocoport.com.tr\/wp-content\/uploads\/2026\/01\/Foto-5-min_600x800-1.jpg 600w, https:\/\/chocoport.com.tr\/wp-content\/uploads\/2026\/01\/Foto-5-min_600x800-1-225x300.jpg 225w\" sizes=\"(max-width: 600px) 100vw, 600px\" \/>\t\t\t\t\t\t\t\t\t\t\t\t\t\t\t<\/div>\n\t\t\t\t<\/div>\n\t\t\t\t\t<\/div>\n\t\t\t\t<\/div>\n\t\t<div class=\"elementor-element elementor-element-f80d44f e-flex e-con-boxed e-con e-parent\" data-id=\"f80d44f\" data-element_type=\"container\" data-settings=\"{&quot;background_background&quot;:&quot;classic&quot;}\">\n\t\t\t\t\t<div class=\"e-con-inner\">\n\t\t\t\t<div class=\"elementor-element elementor-element-e15f1f2 elementor-widget elementor-widget-text-editor\" data-id=\"e15f1f2\" data-element_type=\"widget\" data-widget_type=\"text-editor.default\">\n\t\t\t\t\t\t\t\t\t<h3><strong>Choco Port 2018 y\u0131l\u0131nda Azerbaycan Bak\u00fc\u2019de kuruldu. Choco Port Restoran\u0131 d\u00fcnyadaki t\u00fcm konsept restoran ve kafelere rakip olmakla birlikte, ma\u011faza i\u00e7erisindeki alan\u0131n her ayr\u0131 karesinde m\u00fc\u015fterilerine ayr\u0131 mutluluk ya\u015fatarak, an\u0131lar\u0131n kal\u0131c\u0131l\u0131\u011f\u0131n\u0131 \u00e7ok daha g\u00fczel hale getirmektedir. Sizlerin kendinizi farkl\u0131 bir d\u00fcnyada hissetmenize olanak sa\u011flamaktad\u0131r.<\/strong><br \/><strong>Choco Port olarak prensibimiz; restoran\u0131m\u0131zdaki \u00fcr\u00fcnlerin tad\u0131n\u0131 dama\u011f\u0131n\u0131zda b\u0131rakt\u0131racak kadar g\u00fczel olmas\u0131n\u0131n yan\u0131nda g\u00f6z\u00fcn\u00fcze hitap eden sunumlar\u0131m\u0131z, g\u00f6n\u00fclleri fethedecek tat ve ma\u011faza g\u00f6rselli\u011fimiz ile an\u0131lar\u0131n\u0131z\u0131 g\u00fczel karelere s\u0131\u011fd\u0131r\u0131p \u00f6l\u00fcms\u00fczle\u015ftirerek; sosyalle\u015fmenin, e\u011flenceli vakit ge\u00e7irip, zaman\u0131n nas\u0131l ge\u00e7ti\u011fini anlamayaca\u011f\u0131n\u0131z \u00c7ikolata Liman\u0131 sizlerin vazge\u00e7ilmezi olacakt\u0131r.<\/strong><\/h3>\t\t\t\t\t\t\t\t<\/div>\n\t\t\t\t\t<\/div>\n\t\t\t\t<\/div>\n\t\t\t\t<\/div>\n\t\t","protected":false},"excerpt":{"rendered":"<p>Choco Port 2018 y\u0131l\u0131nda Azerbaycan Bak\u00fc\u2019de kuruldu. Choco Port Restoran\u0131 d\u00fcnyadaki t\u00fcm konsept restoran ve kafelere rakip olmakla birlikte, ma\u011faza [&hellip;]<\/p>\n","protected":false},"author":1,"featured_media":0,"parent":0,"menu_order":0,"comment_status":"closed","ping_status":"closed","template":"elementor_header_footer","meta":{"site-sidebar-layout":"default","site-content-layout":"","ast-site-content-layout":"default","site-content-style":"default","site-sidebar-style":"default","ast-global-header-display":"","ast-banner-title-visibility":"","ast-main-header-display":"","ast-hfb-above-header-display":"","ast-hfb-below-header-display":"","ast-hfb-mobile-header-display":"","site-post-title":"","ast-breadcrumbs-content":"","ast-featured-img":"","footer-sml-layout":"","ast-disable-related-posts":"","theme-transparent-header-meta":"default","adv-header-id-meta":"","stick-header-meta":"","header-above-stick-meta":"","header-main-stick-meta":"","header-below-stick-meta":"","astra-migrate-meta-layouts":"set","ast-page-background-enabled":"default","ast-page-background-meta":{"desktop":{"background-color":"var(--ast-global-color-5)","background-image":"","background-repeat":"repeat","background-position":"center center","background-size":"auto","background-attachment":"scroll","background-type":"","background-media":"","overlay-type":"","overlay-color":"","overlay-opacity":"","overlay-gradient":""},"tablet":{"background-color":"","background-image":"","background-repeat":"repeat","background-position":"center center","background-size":"auto","background-attachment":"scroll","background-type":"","background-media":"","overlay-type":"","overlay-color":"","overlay-opacity":"","overlay-gradient":""},"mobile":{"background-color":"","background-image":"","background-repeat":"repeat","background-position":"center center","background-size":"auto","background-attachment":"scroll","background-type":"","background-media":"","overlay-type":"","overlay-color":"","overlay-opacity":"","overlay-gradient":""}},"ast-content-background-meta":{"desktop":{"background-color":"var(--ast-global-color-4)","background-image":"","background-repeat":"repeat","background-position":"center center","background-size":"auto","background-attachment":"scroll","background-type":"","background-media":"","overlay-type":"","overlay-color":"","overlay-opacity":"","overlay-gradient":""},"tablet":{"background-color":"var(--ast-global-color-4)","background-image":"","background-repeat":"repeat","background-position":"center center","background-size":"auto","background-attachment":"scroll","background-type":"","background-media":"","overlay-type":"","overlay-color":"","overlay-opacity":"","overlay-gradient":""},"mobile":{"background-color":"var(--ast-global-color-4)","background-image":"","background-repeat":"repeat","background-position":"center center","background-size":"auto","background-attachment":"scroll","background-type":"","background-media":"","overlay-type":"","overlay-color":"","overlay-opacity":"","overlay-gradient":""}},"footnotes":""},"class_list":["post-232","page","type-page","status-publish","hentry"],"_links":{"self":[{"href":"https:\/\/chocoport.com.tr\/index.php\/wp-json\/wp\/v2\/pages\/232","targetHints":{"allow":["GET"]}}],"collection":[{"href":"https:\/\/chocoport.com.tr\/index.php\/wp-json\/wp\/v2\/pages"}],"about":[{"href":"https:\/\/chocoport.com.tr\/index.php\/wp-json\/wp\/v2\/types\/page"}],"author":[{"embeddable":true,"href":"https:\/\/chocoport.com.tr\/index.php\/wp-json\/wp\/v2\/users\/1"}],"replies":[{"embeddable":true,"href":"https:\/\/chocoport.com.tr\/index.php\/wp-json\/wp\/v2\/comments?post=232"}],"version-history":[{"count":5,"href":"https:\/\/chocoport.com.tr\/index.php\/wp-json\/wp\/v2\/pages\/232\/revisions"}],"predecessor-version":[{"id":238,"href":"https:\/\/chocoport.com.tr\/index.php\/wp-json\/wp\/v2\/pages\/232\/revisions\/238"}],"wp:attachment":[{"href":"https:\/\/chocoport.com.tr\/index.php\/wp-json\/wp\/v2\/media?parent=232"}],"curies":[{"name":"wp","href":"https:\/\/api.w.org\/{rel}","templated":true}]}}